culate the greatest common divisor of 42 and 693.
21
What is the highest common divisor of 80780 and 140?
140
Calculate the greatest common divisor of 273 and 21.
21
Calculate the highest common factor of 312 and 96.
24
What is the greatest common factor of 120 and 312?
24
What is the greatest common factor of 28 and 7588?
28
Calculate the highest common divisor of 64 and 52.
4
What is the greatest common factor of 123 and 205?
41
What is the highest common factor of 8 and 16?
8
Calculate the highest common factor of 1326 and 78.
78
What is the highest common factor of 168 and 64?
8
Calculate the greatest common factor of 18 and 864.
18
What is the highest common factor of 36 and 348?
12
Calculate the highest common divisor of 380 and 20710.
190
What is the greatest common divisor of 229 and 2?
1
Calculate the greatest common factor of 298 and 6.
2
What is the highest common factor of 272 and 128?
16
Calculate the highest common factor of 30 and 470.
10
What is the greatest common factor of 4069 and 39?
13
Calculate the greatest common factor of 182 and 78.
26
Calculate the highest common factor of 1707 and 3.
3
Calculate the greatest common factor of 1665 and 360.
45
Calculate the highest common divisor of 13 and 208.
13
Calculate the highest common divisor of 246 and 1312.
82
What is the highest common divisor of 252 and 168?
84
Calculate the greatest common factor of 12 and 22548.
12
Calculate the highest common factor of 34 and 34.
34
What is the greatest common divisor of 1 and 185?
1
Calculate the highest common factor of 26 and 94.
2
Calculate the greatest common factor of 87002 and 82.
82
What is the highest common factor of 33 and 51?
3
Calculate the highest common divisor of 27977 and 101.
101
What is the greatest common factor of 1 and 64?
1
Calculate the highest common divisor of 6 and 192.
6
What is the highest common divisor of 658 and 154?
14
Calculate the highest common factor of 939 and 3.
3
What is the greatest common factor of 34 and 94265?
17
What is the highest common factor of 92 and 2254?
46
Calculate the greatest common divisor of 68 and 697.
17
What is the highest common factor of 2862 and 1107?
27
What is the highest common factor of 356 and 16?
4
Calculate the highest common divisor of 40425 and 294.
147
What is the highest common factor of 96 and 1752?
24
Calculate the highest common divisor of 41 and 123.
41
What is the highest common divisor of 152 and 8?
8
What is the highest common divisor of 602 and 172?
86
What is the greatest common divisor of 3 and 183?
3
What is the greatest common factor of 137 and 8083?
137
What is the highest common factor of 120 and 552?
24
What is the greatest common factor of 2114 and 56?
14
What is the highest common divisor of 76 and 152?
76
Calculate the highest common factor of 22 and 2750.
22
What is the highest common divisor of 31 and 217?
31
Calculate the highest common factor of 120 and 648.
24
Calculate the highest common factor of 176 and 48.
16
Calculate the highest common factor of 570 and 475.
95
What is the highest common factor of 1683 and 612?
153
What is the greatest common factor of 63 and 42?
21
Calculate the greatest common divisor of 68 and 4.
4
Calculate the greatest common divisor of 56 and 7.
7
Calculate the highest common factor of 4842 and 36.
18
What is the greatest common divisor of 32005 and 37?
37
What is the highest common divisor of 2043 and 18?
9
What is the greatest common divisor of 325 and 13?
13
Calculate the greatest common factor of 135 and 1845.
45
What is the greatest common factor of 700 and 75?
25
Calculate the highest common factor of 82 and 15826.
82
What is the greatest common factor of 2710 and 260?
10
What is the greatest common divisor of 806 and 52?
26
Calculate the highest common factor of 28 and 189.
7
What is the highest common divisor of 22 and 352?
22
What is the greatest common factor of 66 and 11?
11
What is the greatest common factor of 174 and 1305?
87
What is the greatest common divisor of 168 and 252?
84
Calculate the greatest common factor of 18 and 9.
9
Calculate the highest common divisor of 891 and 22.
11
Calculate the highest common divisor of 246 and 615.
123
Calculate the greatest common divisor of 452 and 46.
2
What is the greatest common divisor of 80 and 10?
10
What is the greatest common divisor of 140 and 100?
20
Calculate the greatest common factor of 54 and 2.
2
What is the greatest common factor of 231 and 1806?
21
What is the greatest common divisor of 348 and 12?
12
What is the greatest common factor of 65901 and 33?
33
What is the highest common divisor of 3531 and 44?
11
What is the greatest common divisor of 207 and 9?
9
What is the highest common divisor of 11557 and 91?
91
What is the highest common factor of 192 and 3984?
48
Calculate the highest common factor of 214 and 12519.
107
Calculate the greatest common factor of 148 and 1406.
74
What is the highest common factor of 988 and 858?
26
Calculate the greatest common divisor of 374 and 8789.
187
What is the highest common divisor of 32 and 19616?
32
Calculate the greatest common divisor of 17 and 272.
17
What is the greatest common factor of 31 and 2790?
31
Calculate the greatest common divisor of 36 and 7767.
9
Calculate the highest common factor of 1014 and 12.
6
What is the highest common divisor of 126 and 3990?
42
Calculate the highest common factor of 14568 and 6.
6
Calculate the highest common divisor of 2028 and 390.
78
Calculate the highest common divisor of 5152 and 140.
28
Calculate the greatest common factor of 15 and 2445.
15
Calculate the highest common divisor of 35 and 155.
5
What is the greatest common divisor of 18 and 1341?
9
What is the highest common divisor of 3071 and 166?
83
Calculate the highest common factor of 294 and 2982.
42
What is the greatest common factor of 216 and 576?
72
Calculate the highest common divisor of 15 and 95145.
15
Calculate the highest common factor of 4986 and 36.
18
What is the greatest common divisor of 255 and 1245?
15
What is the greatest common factor of 16 and 648?
8
Calculate the highest common factor of 16 and 1904.
16
Calculate the greatest common factor of 16 and 136.
8
Calculate the highest common factor of 75 and 60.
15
Calculate the highest common factor of 1591 and 1961.
37
Calculate the greatest common factor of 551 and 29.
29
What is the highest common divisor of 105 and 1533?
21
Calculate the greatest common divisor of 658 and 42.
14
Calculate the highest common divisor of 28 and 56.
28
Calculate the greatest common divisor of 2553 and 111.
111
What is the highest common divisor of 531 and 18?
9
Calculate the greatest common factor of 8 and 72.
8
Calculate the highest common factor of 66 and 11022.
66
Calculate the greatest common factor of 348 and 72.
12
Calculate the highest common factor of 14 and 189.
7
What is the highest common divisor of 56 and 8?
8
Calculate the highest common divisor of 52 and 689.
13
What is the highest common divisor of 495 and 297?
99
What is the greatest common factor of 768 and 168?
24
What is the highest common factor of 3162 and 612?
102
What is the highest common factor of 22 and 583?
11
What is the greatest common divisor of 234 and 27?
9
Calculate the greatest common divisor of 1173 and 23.
23
Calculate the highest common factor of 161 and 1472.
23
Calculate the greatest common divisor of 707 and 17978.
101
Calculate the greatest common divisor of 15805 and 327.
109
Calculate the highest common factor of 1360 and 255.
85
Calculate the greatest common divisor of 6 and 66.
6
What is the highest common divisor of 4108 and 790?
158
Calculate the greatest common factor of 640 and 192.
64
Calculate the greatest common factor of 572 and 33.
11
Calculate the greatest common divisor of 26 and 403.
13
Calculate the greatest common factor of 5 and 2545.
5
Calculate the greatest common divisor of 224 and 168.
56
What is the greatest common divisor of 42 and 336?
42
Calculate the highest common divisor of 18 and 288.
18
Calculate the highest common divisor of 132 and 352.
44
What is the highest common divisor of 4116 and 48?
12
What is the greatest common divisor of 100 and 40?
20
Calculate the greatest common divisor of 18 and 36.
18
What is the highest c